e the greatest common factor of 20 and 2020.
20
What is the greatest common factor of 40 and 15?
5
Calculate the greatest common divisor of 261 and 2523.
87
Calculate the greatest common divisor of 364 and 1118.
26
What is the greatest common divisor of 52 and 988?
52
What is the greatest common factor of 5035 and 530?
265
Calculate the greatest common factor of 3130 and 70.
10
Calculate the greatest common divisor of 640 and 5.
5
Calculate the greatest common divisor of 171 and 152.
19
What is the highest common factor of 234 and 598?
26
What is the greatest common factor of 4964 and 68?
68
Calculate the highest common factor of 114 and 874.
38
Calculate the highest common factor of 682 and 434.
62
What is the highest common factor of 186 and 17670?
186
Calculate the greatest common divisor of 8475 and 15.
15
Calculate the greatest common factor of 32 and 928.
32
What is the highest common divisor of 204 and 22916?
68
What is the greatest common divisor of 126 and 1050?
42
Calculate the highest common divisor of 20 and 6140.
20
What is the highest common factor of 2173 and 164?
41
What is the highest common factor of 2640 and 640?
80
Calculate the highest common divisor of 123 and 12.
3
Calculate the highest common divisor of 248 and 1116.
124
What is the greatest common divisor of 266 and 10?
2
What is the greatest common divisor of 90 and 288?
18
Calculate the highest common divisor of 270 and 120.
30
Calculate the highest common divisor of 425 and 3655.
85
What is the greatest common factor of 1088 and 204?
68
Calculate the greatest common divisor of 4841 and 47.
47
Calculate the highest common factor of 135 and 6345.
135
Calculate the highest common factor of 85 and 4267.
17
What is the greatest common divisor of 330 and 105?
15
Calculate the highest common divisor of 1912 and 239.
239
Calculate the greatest common divisor of 910 and 520.
130
What is the greatest common divisor of 748 and 2329?
17
What is the greatest common factor of 160 and 200?
40
Calculate the highest common divisor of 106978 and 89.
89
Calculate the highest common factor of 48 and 368.
16
What is the greatest common divisor of 25 and 320?
5
What is the highest common divisor of 8 and 47?
1
Calculate the greatest common factor of 33 and 99.
33
What is the greatest common divisor of 2167 and 788?
197
What is the greatest common divisor of 98 and 2303?
49
Calculate the greatest common divisor of 12636 and 52.
52
Calculate the greatest common divisor of 19 and 76.
19
What is the greatest common divisor of 390 and 960?
30
What is the greatest common divisor of 280 and 920?
40
Calculate the greatest common factor of 335 and 134.
67
Calculate the highest common factor of 133 and 38.
19
What is the highest common divisor of 69 and 207?
69
What is the greatest common factor of 119 and 1088?
17
What is the highest common factor of 2662 and 13552?
242
Calculate the highest common divisor of 12 and 4044.
12
What is the greatest common factor of 2384 and 112?
16
Calculate the greatest common divisor of 2301 and 390.
39
What is the highest common divisor of 15 and 995?
5
Calculate the highest common factor of 6 and 138.
6
Calculate the greatest common divisor of 28 and 160.
4
What is the highest common divisor of 75 and 400?
25
Calculate the greatest common divisor of 177 and 295.
59
Calculate the greatest common divisor of 102 and 39066.
102
What is the highest common factor of 6321 and 387?
129
Calculate the greatest common divisor of 5 and 235.
5
What is the highest common factor of 20 and 940?
20
Calculate the highest common factor of 20 and 500.
20
Calculate the greatest common divisor of 550 and 4450.
50
Calculate the greatest common divisor of 76 and 684.
76
What is the highest common factor of 231 and 21?
21
What is the greatest common factor of 20 and 95?
5
What is the highest common factor of 1498 and 21?
7
What is the highest common divisor of 5 and 7730?
5
What is the highest common factor of 63 and 7?
7
Calculate the greatest common factor of 63 and 1953.
63
Calculate the greatest common divisor of 54 and 2.
2
What is the highest common factor of 876 and 24?
12
Calculate the greatest common factor of 4646 and 46.
46
What is the highest common factor of 2 and 178?
2
Calculate the highest common factor of 58 and 554.
2
What is the greatest common divisor of 750 and 30?
30
What is the greatest common factor of 7 and 1939?
7
Calculate the highest common factor of 15 and 245.
5
Calculate the highest common divisor of 15 and 55.
5
What is the greatest common factor of 204 and 7803?
51
Calculate the greatest common factor of 16 and 9392.
16
Calculate the highest common factor of 42 and 2639.
7
Calculate the highest common divisor of 12699 and 498.
249
What is the greatest common divisor of 20 and 12?
4
Calculate the greatest common divisor of 152 and 33326.
38
What is the greatest common divisor of 155 and 26195?
155
Calculate the highest common divisor of 154 and 56.
14
Calculate the greatest common divisor of 356 and 623.
89
Calculate the greatest common divisor of 42 and 294.
42
What is the highest common divisor of 2912 and 91?
91
Calculate the greatest common divisor of 1717 and 408.
17
Calculate the greatest common factor of 217 and 31.
31
What is the highest common divisor of 52 and 403?
13
Calculate the highest common factor of 30 and 13710.
30
What is the highest common divisor of 96 and 32?
32
Calculate the highest common factor of 53 and 212.
53
Calculate the greatest common divisor of 712 and 16.
8
What is the highest common divisor of 33 and 153?
3
What is the greatest common factor of 10857 and 231?
231
What is the highest common factor of 102 and 12?
6
What is the greatest common factor of 8 and 2104?
8
Calculate the highest common factor of 114 and 10.
2
What is the highest common factor of 3774 and 1326?
102
What is the highest common factor of 2528 and 1027?
79
What is the highest common factor of 30 and 6?
6
What is the greatest common factor of 77 and 473?
11
What is the highest common factor of 428 and 52?
4
Calculate the highest common divisor of 720 and 36.
36
What is the highest common factor of 154 and 110?
22
What is the highest common factor of 459 and 34?
17
What is the highest common factor of 227 and 9?
1
Calculate the greatest common divisor of 112 and 70.
14
Calculate the highest common factor of 522 and 36.
18
What is the highest common factor of 260 and 120?
20
Calculate the greatest common factor of 13 and 117.
13
Calculate the highest common factor of 7051 and 11.
11
What is the greatest common divisor of 4 and 30?
2
What is the greatest common divisor of 30 and 640?
10
Calculate the highest common divisor of 40 and 312.
8
Calculate the greatest common factor of 5085 and 18.
9
Calculate the highest common divisor of 135 and 8748.
27
What is the greatest common factor of 9455 and 155?
155
What is the greatest common factor of 13840 and 80?
80
What is the greatest common divisor of 96444 and 141?
141
Calculate the highest common factor of 99 and 2673.
99
Calculate the highest common factor of 5432 and 98.
14
Calculate the highest common factor of 330 and 180.
30
Calculate the greatest common divisor of 31 and 16492.
31
What is the greatest common divisor of 575 and 1850?
25
Calculate the greatest common factor of 708 and 36.
12
What is the greatest common factor of 280 and 35?
35
What is the greatest common divisor of 31 and 5?
1
Calculate the greatest common factor of 6024 and 276.
12
Calculate the highest common factor of 254 and 8.
2
Calculate the highest common divisor of 840 and 72.
24
What is the highest common divisor of 380 and 15?
5
What is the highest common divisor of 66 and 17688?
66
What is the highest common divisor of 162 and 270?
54
Calculate the greatest common factor of 1134 and 1876.
14
What is the greatest common factor of 222 and 6?
6
What is the highest common factor of 16 and 29?
1
What is the highest common divisor of 72 and 30492?
36
Calculate the greatest common factor of 288 and 36.
36
What is the highest common factor of 35 and 1390?
5
Calculate the greatest common divisor of 120 and 792.
24
What is the highest common divisor of 2550 and 150?
150
What is the greatest common factor of 51 and 323?
17
Calculate 